en 157 is divided by 85.
72
Calculate the remainder when 123 is divided by 27.
15
What is the remainder when 932 is divided by 52?
48
Calculate the remainder when 251 is divided by 168.
83
What is the remainder when 220 is divided by 6?
4
What is the remainder when 9764 is divided by 279?
278
What is the remainder when 6432 is divided by 65?
62
Calculate the remainder when 1543 is divided by 192.
7
What is the remainder when 351 is divided by 59?
56
Calculate the remainder when 154 is divided by 12.
10
Calculate the remainder when 385 is divided by 72.
25
Calculate the remainder when 304 is divided by 138.
28
Calculate the remainder when 60 is divided by 22.
16
What is the remainder when 1765 is divided by 61?
57
What is the remainder when 5917 is divided by 37?
34
Calculate the remainder when 1916 is divided by 19.
16
What is the remainder when 574 is divided by 48?
46
What is the remainder when 33387 is divided by 21?
18
What is the remainder when 166 is divided by 37?
18
What is the remainder when 635 is divided by 176?
107
Calculate the remainder when 1077 is divided by 12.
9
What is the remainder when 519 is divided by 87?
84
What is the remainder when 182 is divided by 23?
21
What is the remainder when 411 is divided by 79?
16
Calculate the remainder when 112 is divided by 69.
43
Calculate the remainder when 39 is divided by 12.
3
Calculate the remainder when 607 is divided by 237.
133
What is the remainder when 234 is divided by 124?
110
What is the remainder when 63 is divided by 22?
19
Calculate the remainder when 103 is divided by 37.
29
What is the remainder when 9 is divided by 9?
0
Calculate the remainder when 454 is divided by 35.
34
Calculate the remainder when 3824 is divided by 75.
74
Calculate the remainder when 432 is divided by 108.
0
What is the remainder when 24680 is divided by 22?
18
Calculate the remainder when 100 is divided by 65.
35
Calculate the remainder when 333 is divided by 16.
13
What is the remainder when 680 is divided by 49?
43
What is the remainder when 2004 is divided by 41?
36
What is the remainder when 595 is divided by 173?
76
Calculate the remainder when 7001 is divided by 699.
11
Calculate the remainder when 608 is divided by 102.
98
Calculate the remainder when 162 is divided by 5.
2
Calculate the remainder when 645 is divided by 335.
310
What is the remainder when 475 is divided by 159?
157
What is the remainder when 386 is divided by 133?
120
What is the remainder when 141 is divided by 26?
11
Calculate the remainder when 1164 is divided by 18.
12
What is the remainder when 615 is divided by 8?
7
Calculate the remainder when 158 is divided by 41.
35
What is the remainder when 4546 is divided by 1514?
4
What is the remainder when 96 is divided by 26?
18
Calculate the remainder when 2143 is divided by 25.
18
Calculate the remainder when 3717 is divided by 1237.
6
What is the remainder when 1731 is divided by 55?
26
Calculate the remainder when 628 is divided by 18.
16
What is the remainder when 39 is divided by 14?
11
Calculate the remainder when 61 is divided by 23.
15
What is the remainder when 190 is divided by 28?
22
What is the remainder when 274 is divided by 46?
44
What is the remainder when 196 is divided by 32?
4
Calculate the remainder when 2040 is divided by 406.
10
What is the remainder when 287 is divided by 170?
117
What is the remainder when 2769 is divided by 66?
63
Calculate the remainder when 266 is divided by 89.
88
What is the remainder when 51 is divided by 27?
24
Calculate the remainder when 99 is divided by 25.
24
Calculate the remainder when 6301 is divided by 129.
109
What is the remainder when 156 is divided by 16?
12
What is the remainder when 78 is divided by 27?
24
Calculate the remainder when 410 is divided by 107.
89
Calculate the remainder when 290 is divided by 112.
66
What is the remainder when 2899 is divided by 35?
29
Calculate the remainder when 545 is divided by 11.
6
Calculate the remainder when 1442 is divided by 179.
10
Calculate the remainder when 3797 is divided by 47.
37
Calculate the remainder when 926 is divided by 305.
11
Calculate the remainder when 877 is divided by 55.
52
Calculate the remainder when 317 is divided by 29.
27
What is the remainder when 20784 is divided by 126?
120
Calculate the remainder when 145 is divided by 75.
70
What is the remainder when 2063 is divided by 6?
5
What is the remainder when 515 is divided by 274?
241
What is the remainder when 339 is divided by 19?
16
Calculate the remainder when 1677 is divided by 60.
57
Calculate the remainder when 569 is divided by 114.
113
Calculate the remainder when 924 is divided by 240.
204
What is the remainder when 283 is divided by 25?
8
What is the remainder when 7071 is divided by 13?
12
What is the remainder when 214 is divided by 20?
14
Calculate the remainder when 306 is divided by 152.
2
What is the remainder when 832 is divided by 33?
7
What is the remainder when 155 is divided by 39?
38
Calculate the remainder when 1605 is divided by 44.
21
What is the remainder when 1271 is divided by 260?
231
Calculate the remainder when 177 is divided by 30.
27
Calculate the remainder when 39 is divided by 25.
14
Calculate the remainder when 979 is divided by 50.
29
What is the remainder when 10841 is divided by 78?
77
What is the remainder when 509 is divided by 127?
1
What is the remainder when 263 is divided by 44?
43
What is the remainder when 5 is divided by 1?
0
What is the remainder when 460 is divided by 114?
4
Calculate the remainder when 170 is divided by 16.
10
What is the remainder when 137 is divided by 20?
17
Calculate the remainder when 366 is divided by 363.
3
Calculate the remainder when 5504 is divided by 2752.
0
What is the remainder when 138 is divided by 3?
0
Calculate the remainder when 8029 is divided by 110.
109
Calculate the remainder when 948 is divided by 187.
13
What is the remainder when 217 is divided by 108?
1
Calculate the remainder when 94 is divided by 49.
45
Calculate the remainder when 159 is divided by 6.
3
What is the remainder when 1966 is divided by 968?
30
Calculate the remainder when 89 is divided by 42.
5
What is the remainder when 216 is divided by 33?
18
Calculate the remainder when 18 is divided by 4.
2
Calculate the remainder when 2717 is divided by 40.
37
What is the remainder when 55 is divided by 3?
1
What is the remainder when 52 is divided by 8?
4
Calculate the remainder when 4480 is divided by 1100.
80
Calculate the remainder when 1290 is divided by 260.
250
Calculate the remainder when 272 is divided by 69.
65
Calculate the remainder when 361 is divided by 50.
11
Calculate the remainder when 269 is divided by 27.
26
Calculate the remainder when 114 is divided by 53.
8
What is the remainder when 332 is divided by 86?
74
What is the remainder when 104 is divided by 18?
14
What is the remainder when 288 is divided by 34?
16
Calculate the remainder when 443 is divided by 37.
36
What is the remainder when 1185 is divided by 583?
19
What is the remainder when 1226 is divided by 481?
264
What is the remainder when 92 is divided by 48?
44
Calculate the remainder when 383 is divided by 75.
8
What is the remainder when 107 is divided by 11?
8
Calculate the remainder when 63 is divided by 29.
5
Calculate the remainder when 22486 is divided by 65.
61
What is the remainder when 279 is divided by 94?
91
Calculate the remainder when 112 is divided by 30.
22
Calculate the remainder when 362 is divided by 28.
26
What is the remainder when 221 is divided by 65?
26
Calculate the remainder when 187 is divided by 47.
46
What is the remainder when 11317 is divided by 10?
7
What is the remainder when 11812 is divided by 179?
177
What is the remainder when 103 is divided by 21?
19
What is the remainder when 21 is divided by 13?
8
Calculate the remainder when 1179 is divided by 387.
18
Calculate the remainder when 489 is divided by 20.
9
Calculate the remainder when 24 is divided by 14.
10
What is the remainder when 4458 is divided by 10?
8
Calculate the remainder when 15983 is divided by 148.
147
What is the remainder when 639 is divided by 606?
33
What is the remainder when 673 is divided by 16?
1
Calculate the remainder when 127 is divided by 11.
6
What is 